derivative of -j**3/6 + j**2 - 7*j. Determine r(x).
-1
Suppose -4*d + 7 = -13. Let j(m) = -m**2 + 7*m - 3. Determine j(d).
7
Let p(j) = -j**2 - j + 1. Let z = -1 + 3. Suppose -2*k = -3*r + 13, 2*r = -z*r + 4*k + 16. Suppose -3*v + 11 = -r*s, -3*v + 2*s = v + 4. What is p(v)?
-5
Let o be (-3)/(-1 - -4) - 4. Let m(q) be the second derivative of q**5/20 + 5*q**4/12 - 7*q**2/2 + 2*q. Determine m(o).
-7
Suppose -4*z = -3*n - 17, -19 = 2*n - 0*z + 5*z. Let k(x) = -x**3 - 8*x**2 - 9*x - 1. What is k(n)?
13
Suppose 4*a + 32 = -5*q, 2*q + 4*a = 5*q + 32. Let h(c) = -3*c - 7. Determine h(q).
17
Suppose -2*r = -7*r + 25. Suppose -5*l + r = -5. Let p(g) = -2*g + 1 + 2*g**l + 0*g**2 + 4*g**2. What is p(1)?
5
Let p(g) be the second derivative of -g**4/6 - g**3/6 + g**2 - 9*g. Give p(2).
-8
Let g(f) = f - 1. Let v(j) = -3*j**2 - 5*j + 6. Let z(n) = 6*g(n) + v(n). Let u = -28 - -18. Let p = u + 9. What is z(p)?
-4
Let x(m) be the first derivative of 0*m - 1 + 0*m**2 - 1/360*m**6 + 1/3*m**3 - 1/120*m**5 + 5/12*m**4. Let s(h) be the third derivative of x(h). Give s(0).
10
Let z(m) = -m**2 + m + 2. Suppose 5*b + 2*p + 2 - 35 = 0, 2*p = 2*b - 2. Let n = 7 - b. Let h be n*((-1 - -1) + 1). Calculate z(h).
0
Let y be 1 + (-150)/(-42) + (-3)/(-7). Let r(g) be the first derivative of -g**4/4 + 5*g**3/3 - 2*g**2 + 3*g + 1. Give r(y).
-17
Let c(j) = -4*j**2 - j**2 + 1 + 3*j + 4*j**2. Give c(3).
1
Suppose -26 = -3*x - 7*l + 2*l, 5*l = 5*x + 10. Let o(f) = 26*f**2 - 3 - 47*f**x - 8*f + 20*f**2. Suppose 5*w = 5*j + 8 + 37, -2*w + 33 = -5*j. Calculate o(j).
12
Suppose -3*o + 1 - 10 = 0. Let h be (4 + o + -2)*-1. Let p(b) = 13*b**2 - 2*b + 1. What is p(h)?
12
Let t(n) = 3*n**2 + 3*n + 1. Let p(l) = -4*l**2 - 2*l - 1. Let s(o) = -2*p(o) - 3*t(o). Calculate s(-6).
-7
Let k(f) = -f**3 + 2*f**2 + 2*f - 3. Let r(j) = j**2 - j - 4. Let w be r(3). Let o be k(w). Let u = 2 - o. Let l(s) = -s**3 - s**2 + s. What is l(u)?
-1
Suppose -5*f + 22 = 4*s, -2*f = -0*f + 3*s - 13. Let r(x) = 3*x**2 + 5*x + 5 - 4 - 2*x**f. Let b = -6 + 1. Give r(b).
1
Let z(o) = -7*o + 4*o + 11 + o + o. Let f(n) = -n**2 - 6*n - 3. Let r be f(-4). Suppose -r*i + 20 = 2*j - 3*i, 0 = -5*i + 25. Calculate z(j).
6
Suppose -7*f + 3*f + 8 = 0. Suppose 2*u = -4*j - j + 12, 2*u = 2*j - f. Suppose -j*a = a + 6. Let n(d) = 3*d**2 + 2*d + 1. Give n(a).
9
Let k(i) = -6*i + 1 + i**2 - 2 - 3 + 9. What is k(4)?
-3
Let n(p) be the first derivative of 5*p**4/2 + p**3/3 + p**2/2 - p + 7. Give n(1).
11
Let x be ((-18)/3)/(-2)*1. Let j be ((-4)/(-12))/(x/(-27)). Let q(g) = -g**2 + 4. Determine q(j).
-5
Let i be (-2 + 1)/(-1)*3. Suppose -5*j = 3*r - 5*r + 21, -3 = 2*r + i*j. Suppose 0 = -r*z - 2*z - 15. Let n(y) = -y**2 - 4*y + 1. Calculate n(z).
4
Let x(p) = 5 - 5 + 2*p + 1. Give x(-3).
-5
Let m be -1*(-7 + 1 + 1). Let v = m - 4. Let i(r) = 1 + 1 - 4*r + v - 5. Calculate i(-2).
6
Let o(t) = 4*t - 3*t - 16 + 17. What is o(0)?
1
Let p(o) = 3*o - 1. Let a be 16*4/(48/9). Suppose -3*c - c = -a. Suppose m = -2*m - 5*v + 26, c*m + 4*v = 22. Give p(m).
5
Suppose 0 = 3*c - 3*v + 2 - 17, 2 = -2*v. Suppose c*p = -2*s, -4*p = -s + 5*s. Let l(w) = -w**2 - w + 5. Give l(p).
5
Suppose -2*n = 2*n + 4*p - 28, 5*n + 2*p - 26 = 0. Suppose -2*i + 3*a = -a + 12, -3*i + 32 = n*a. Suppose -i*r = -7*r. Let m(l) = -l**2 + l + 4. Calculate m(r).
4
Let o(p) be the second derivative of -4*p + 0 - 7/2*p**2 + 1/12*p**4 - 5/6*p**3. Determine o(6).
-1
Let h(t) = -5*t - 26. Let g(y) = -y - 5. Let i(j) = 11*g(j) - 2*h(j). Suppose 5*k + 22 = -8. Calculate i(k).
3
Let a(f) = 11*f. Let s(n) = -540*n. Let h be (15/(-10))/((-1)/(-66)). Let y(x) = h*a(x) - 2*s(x). Give y(1).
-9
Let l be (-4 - 0) + (-11)/(-11). Let s(p) = 4*p + 1. Calculate s(l).
-11
Let g(l) be the first derivative of 1/3*l**4 + l**2 - 3 + 1/20*l**5 + 3*l + 5/6*l**3. Let q(r) be the first derivative of g(r). Give q(-3).
-4
Let r(b) be the third derivative of b**4/24 - b**3/3 + 5*b**2. What is r(7)?
5
Let c(q) = q**3 - q**2 - q. Let j be (0 + -12)*(-2)/(-4). Let b(t) = 12*t**3 - 2 + 3 - 5*t**3 - 12*t**2. Let a(l) = j*c(l) + b(l). Give a(5).
6
Let g(n) = -n. Let o(b) = -4*b - 2. Let z(k) = -6*g(k) + o(k). Determine z(7).
12
Let r(j) = -7*j + 10. Let d(t) = 6*t - 9. Let l(y) = -4*d(y) - 3*r(y). Calculate l(6).
-12
Let k(w) = -6*w + 4*w**2 - 8 - 11*w**3 + 10*w**3 - 11*w**2. Calculate k(-6).
-8
Let v(w) = -w**3 + 3*w**2 + 5*w + 1. Let i(u) = u**2 + 9*u + 8. Let b be i(-8). Suppose 4*a - 4*r - 24 = b, 2 = 2*a - a + r. Give v(a).
5
Let c(q) = -6*q + 11 - 12 + 5*q. Give c(-7).
6
Let q = -8/71 - -403/426. Let y(w) be the second derivative of -w + 0 - 1/3*w**4 + 1/20*w**5 + q*w**3 - 2*w**2. Give y(3).
2
Let o(s) = s - 2. Let b = -3 + 8. Suppose l - 10 = -7*c + 4*c, 0 = -b*c - 4*l + 5. Determine o(c).
3
Suppose -2*u - 2*j = 1 - 13, 5 = u + 2*j. Let t(x) = -6*x - u*x - x**3 + 11*x - 1 - 2*x**2. Determine t(-1).
0
Let l(o) = 3*o - 1. Let c be l(1). Let b(t) = 2 - 2*t + t + 0*t + c*t. What is b(-6)?
-4
Let g(a) = 7*a**3 + 7*a**2 - 14*a + 9. Let s(k) = 15*k**3 + 14*k**2 - 29*k + 18. Let p(n) = 13*g(n) - 6*s(n). Calculate p(-8).
9
Suppose 8 - 2 = 2*j. Suppose j*g = -4*o + 14, 11 + 5 = 5*g + 3*o. Let x(a) = -2*a + 8. Let p(y) = y - 9. Let i(d) = 5*p(d) + 6*x(d). Calculate i(g).
-11
Let f(z) = -z + 2. Let s = 26 + -30. Calculate f(s).
6
Suppose j - 5 = -0. Let l(y) = -2 + 2*y + j*y**2 - 6*y**2 + 2*y**2. What is l(-5)?
13
Let q(g) = -g**2 + 4*g - 2. Suppose 3*y = -x, 7*x - 4*x = -3*y + 6. Suppose 2*w + 8 = 4*n, x*w + n = 5*n - 4. Give q(w).
-2
Let d(p) = -p**3 + 4*p + 3. Let b be d(-2). Let k(i) = -i**3 + 2*i**2 + i + 1. Give k(b).
-5
Let r(s) be the third derivative of s**5/15 + s**4/12 + s**3/6 - 14*s**2. What is r(-1)?
3
Let i(v) be the first derivative of -v**3/3 - 2*v**2 - 6*v - 7. Let j = -2 + -2. Calculate i(j).
-6
Let r(u) = -u**3 - 2*u**2 + 2. Let j be r(-2). Suppose 2*w + j*w = 0. Let b(k) be the first derivative of k**3/3 + k**2/2 + 4*k - 1. What is b(w)?
4
Let g be 4 + -5 + 0 + 2. Let b(s) = 2*s**3 + s**2 - s. Determine b(g).
2
Let t(x) be the first derivative of -x**4/8 + x**3/6 - x**2 - 1. Let y(g) be the second derivative of t(g). Let f be ((-6)/(-9))/((-6)/(-27)). Calculate y(f).
-8
Let v(w) be the third derivative of -1/6*w**3 - 3*w**2 + 0 - 1/24*w**4 + 0*w. What is v(-4)?
3
Let c(b) = b + 9. Let u(h) = h**2 + 6*h. Let j be u(-2). Calculate c(j).
1
Let m = 0 + 2. Let n(v) be the first derivative of -v**3/6 + 2*v**2 - 3*v + 3. Let j(y) be the first derivative of n(y). Give j(m).
2
Let o(j) = 0 + 0 - 4*j. Let v = 5 - 7. Calculate o(v).
8
Let m(o) = 7*o**3 + 2*o**2 - 7*o + 1. Let g(r) = -r**3 - r**2 + 3*r - 1. Let h(a) = 2*g(a) + m(a). Let f = 1 + -1. Suppose f = -4*p + 4 - 8. Determine h(p).
-5
Suppose 0 = j + 3*j - 4. Let m(u) = -u**2 + u - 1. What is m(j)?
-1
Let a(d) = -2*d + 0*d**2 - 1 + 0*d - d**2. Let i = -6 - -5. Calculate a(i).
0
Let s(p) be the third derivative of p**6/180 - p**5/40 + p**4/24 - 3*p**2. Let i(b) be the second derivative of s(b). Calculate i(2).
5
Let c(o) = o**2 - 4. Let t be c(-3). Let l(i) = t*i - 2*i - 2*i. Let u(b) = -b**3 + 2*b. Let j be u(-2). Determine l(j).
4
Let u(x) = -2*x - 2. Suppose 0 = -5*s - 3 + 33. Let y be (s*3/(-6))/1. Give u(y).
4
Let u(b) be the third derivative of -b**6/60 + b**5/20 - b**4/24 - 21*b**2. Let f(o) = o**3 + 9*o**2 + 8*o + 2. Let j be f(-8). Give u(j).
-6
Let n(l) = -3*l - 20. Let g be n(-8). Let x(t) = t**3 - 4*t**2 + 2. Calculate x(g).
2
Let f(c) be the first derivative of -c**3/6 + 2*c**2 + 3*c + 8. Let t(s) be the first derivative of f(s). Give t(8).
-4
Let m = -21 + 17. Let o = -1 + m. Let k(n) = n**2 + 5*n. Calculate k(o).
0
Let a(w) be the first derivative of -1/4*w**4 - 1 + 5/3*w**3 - 3*w - 3/2*w**2. Determine a(4).
1
Let i(y) = 10*y**2 - 16*y + 26. Let x(l) = -2*l**2 + 3*l - 5. Let s(a) = -3*i(a) - 16*x(a). What is s(-2)?
10
Let d = 45 + -38. Let l(s) = s**3 - 7*s**2 - 3*s + 5. Calculate l(d).
-16
Let j(z) be the third derivative of 1/3*z**3 + 0 + 5*z**2 + 0*z - 1/24*z**4. Determine j(4).
-2
Let n(q) be the second derivative of q**5/20 - 5*q**4/12 - 5*q**3/6 - 3*q**2 + 20*q. Determine n(6).
0
Let x(l) be the second derivative of l**5/20 + l**4/6 - l**3/3 - 3*l**2/2 - 4*l. Suppose -g - 1 - 6 = 2*b, -3*b - 12 = 2*g. What is x(g)?
-6
Let